e of 11?
False
Does 33 divide 3541?
False
Is 74605 a multiple of 43?
True
Is 44 a factor of 5382?
False
Does 24 divide 336?
True
Is 14 a factor of 196?
True
Does 230 divide 20622?
False
Does 47 divide 18283?
True
Is 52 a factor of 1560?
True
Is 58463 a multiple of 19?
True
Is 17 a factor of 1802?
True
Is 31668 a multiple of 56?
False
Does 14 divide 1260?
True
Does 5 divide 5953?
False
Is 43 a factor of 5332?
True
Does 123 divide 3813?
True
Is 19 a factor of 132263?
False
Is 728 a multiple of 13?
True
Is 25940 a multiple of 20?
True
Is 395 a multiple of 20?
False
Is 11 a factor of 92?
False
Is 595 a multiple of 7?
True
Is 176 a multiple of 82?
False
Is 15 a factor of 3002?
False
Is 7 a factor of 1330?
True
Is 26 a factor of 6422?
True
Is 11 a factor of 32846?
True
Is 2950 a multiple of 118?
True
Is 1181 a multiple of 48?
False
Does 14 divide 1615?
False
Does 25 divide 786?
False
Is 36 a factor of 2753?
False
Does 61 divide 12444?
True
Is 46481 a multiple of 46?
False
Is 3191 a multiple of 2?
False
Is 95 a factor of 48925?
True
Does 144 divide 27184?
False
Is 96777 a multiple of 16?
False
Does 25 divide 2279?
False
Does 31 divide 1488?
True
Is 21140 a multiple of 14?
True
Is 327 a multiple of 40?
False
Does 3 divide 1664?
False
Does 28 divide 2156?
True
Is 143 a factor of 22022?
True
Is 6 a factor of 92?
False
Is 54306 a multiple of 63?
True
Is 13 a factor of 21871?
False
Is 1025 a multiple of 5?
True
Does 7 divide 966?
True
Is 1023 a multiple of 33?
True
Is 57 a factor of 2679?
True
Does 46 divide 486?
False
Is 6880 a multiple of 215?
True
Is 81 a factor of 25110?
True
Does 10 divide 4846?
False
Is 11 a factor of 1171?
False
Is 5 a factor of 515?
True
Is 119 a factor of 9286?
False
Does 54 divide 1242?
True
Is 9 a factor of 393?
False
Is 4 a factor of 922?
False
Is 1323 a multiple of 32?
False
Is 1533 a multiple of 48?
False
Is 416 a multiple of 8?
True
Is 51942 a multiple of 66?
True
Is 5176 a multiple of 8?
True
Does 30 divide 990?
True
Does 4 divide 492?
True
Is 2 a factor of 1538?
True
Is 28 a factor of 11471?
False
Is 17 a factor of 1380?
False
Is 1153 a multiple of 21?
False
Is 116892 a multiple of 306?
True
Does 12 divide 24?
True
Is 25 a factor of 1525?
True
Is 32 a factor of 384?
True
Is 19 a factor of 665?
True
Is 94 a factor of 3443?
False
Is 5 a factor of 7405?
True
Does 54 divide 7646?
False
Is 30 a factor of 23176?
False
Does 8 divide 216?
True
Does 64 divide 57114?
False
Does 7 divide 652?
False
Is 6148 a multiple of 17?
False
Is 558 a multiple of 9?
True
Is 188 a factor of 67653?
False
Is 4 a factor of 91?
False
Does 22 divide 11066?
True
Does 386 divide 53654?
True
Does 23 divide 2484?
True
Does 8 divide 4270?
False
Is 1035 a multiple of 15?
True
Does 10 divide 65070?
True
Is 13 a factor of 4460?
False
Is 129 a multiple of 12?
False
Is 6700 a multiple of 20?
True
Is 66 a factor of 495?
False
Is 162 a factor of 16493?
False
Is 72 a factor of 936?
True
Does 2 divide 4168?
True
Does 41 divide 11316?
True
Is 8668 a multiple of 6?
False
Does 394 divide 68950?
True
Does 303 divide 10605?
True
Is 22 a factor of 1127?
False
Is 62 a factor of 2356?
True
Is 11 a factor of 10599?
False
Is 37 a factor of 12673?
False
Does 13 divide 91?
True
Is 9 a factor of 33956?
False
Is 66 a factor of 1452?
True
Is 23 a factor of 1162?
False
Does 90 divide 1170?
True
Does 36 divide 1332?
True
Is 62 a factor of 18352?
True
Is 17 a factor of 34952?
True
Is 45 a factor of 5893?
False
Does 8 divide 7720?
True
Is 9 a factor of 26610?
False
Is 15109 a multiple of 29?
True
Is 5009 a multiple of 27?
False
Does 108 divide 60480?
True
Is 54610 a multiple of 43?
True
Is 41 a factor of 140?
False
Is 35 a factor of 62101?
False
Is 263 a factor of 549?
False
Is 40039 a multiple of 132?
False
Is 29916 a multiple of 12?
True
Does 25 divide 3285?
False
Is 780 a multiple of 12?
True
Does 10 divide 410?
True
Is 3025 a multiple of 55?
True
Does 228 divide 85956?
True
Is 20 a factor of 4758?
False
Does 5 divide 65?
True
Does 31 divide 40967?
False
Does 23 divide 44648?
False
Is 490 a multiple of 4?
False
Does 8 divide 3360?
True
Is 13 a factor of 2425?
False
Is 108 a factor of 5422?
False
Is 58 a factor of 4292?
True
Does 24 divide 15320?
False
Is 12119 a multiple of 5?
False
Is 1485 a multiple of 45?
True
Is 1030 a multiple of 10?
True
Is 54 a factor of 47250?
True
Is 31312 a multiple of 76?
True
Is 28910 a multiple of 49?
True
Does 5 divide 400?
True
Is 2527 a multiple of 14?
False
Is 331 a multiple of 20?
False
Is 10 even?
True
Is 13524 a multiple of 46?
True
Is 18 a factor of 33678?
True
Does 241 divide 35427?
True
Is 2330 a multiple of 47?
False
Does 2 divide 161?
False
Is 14124 a multiple of 22?
True
Does 12 divide 5148?
True
Does 238 divide 9758?
True
Is 84 a multiple of 6?
True
Is 5 a factor of 4308?
False
Is 1560 a multiple of 12?
True
Is 45 a factor of 405?
True
Is 1819 a multiple of 107?
True
Is 30 a factor of 7747?
False
Is 6 a factor of 268?
False
Is 6 a factor of 6210?
True
Is 13 a factor of 15964?
True
Is 900 a multiple of 45?
True
Is 3340 a multiple of 31?
False
Does 18 divide 2867?
False
Is 23728 a multiple of 91?
False
Is 2811 a multiple of 5?
False
Is 3652 a multiple of 22?
True
Is 16438 a multiple of 217?
False
Is 24 a factor of 1523?
False
Is 3874 a multiple of 26?
True
Does 13 divide 3991?
True
Is 1210 a multiple of 22?
True
Does 7 divide 77?
True
Is 11473 a multiple of 11?
True
Is 35 a factor of 2450?
True
Is 16 a factor of 312?
False
Is 39 a factor of 8463?
True
Does 48 divide 21888?
True
Is 46 a factor of 3403?
False
Does 21 divide 5292?
True
Does 5 divide 15795?
True
Does 28 divide 3342?
False
Is 10087 a multiple of 7?
True
Is 26135 a multiple of 7?
False
Does 17 divide 12155?
True
Is 8991 a multiple of 27?
True
Is 16705 a multiple of 172?
False
Is 184 a factor of 184?
True
Does 6 divide 9444?
True
Does 14 divide 89460?
True
Does 9 divide 19503?
True
Is 1169 a multiple of 167?
True
Is 52834 a multiple of 12?
False
Is 23680 a multiple of 8?
True
Is 36 a factor of 79335?
False
Is 47160 a multiple of 60?
True
Is 11 a factor of 4063?
False
Is 8418 a multiple of 29?
False
Is 1005 a multiple of 32?
False
Is 20862 a multiple of 18?
True
Is 19 a factor of 3257?
False
Does 6 divide 3205?
False
Does 8 divide 2732?
False
Does 13 divide 605?
False
Is 36 a factor of 740?
False
Is 9858 a multiple of 318?
True
Is 8 a factor of 2320?
True
Is 2301 a multiple of 11?
False
Is 52 a factor of 103?
False
Does 11 divide 7899?
False
Is 48264 a multiple of 8?
True
Is 1654 a multiple of 109?
False
Does 53 divide 13409?
True
Is 873 a multiple of 58?
False
Does 74 divide 7918?
True
Does 23 divide 11114?
False
Is 10 a factor of 130?
True
Is 5 a factor of 7074?
False
Does 6 divide 6811?
False
Is 5 a factor of 1596?
False
Does 12 divide 1064?
False
Is 23 a factor of 22316?
False
Is 5 a factor of 8630?
True
Is 26 a factor of 13572?
True
Does 15 divide 2510?
False
Is 35 a multiple of 5?
True
Is 12 a factor of 26652?
True
Is 354 a multiple of 3?
True
Is 4 a factor of 3091?
False
Is 66 a multiple of 2?
True
Is 31 a factor of 628?
False
Is 15 a factor of 60?
True
Is 37 a factor of 7881?
True
Is 2520 a multiple of 12?
True
Is 3609 a multiple of 46?
False
Is 310 a multiple of 10?
True
Is 12 a factor of 9482?
False
Is 63 a factor of 29484?
True
Is 106 a factor of 907?
False
Is 49 a multiple of 2?
False
Is 28 a factor of 11031?
False
Is 5372 a multiple of 42?
False
Is 701 a multiple of 23?
False
Does 6 divide 845?
False
Is 46 a factor of 992?
False
Is 1064 a multiple of 19?
True
Is 13202 a multiple of 82?
True
Does 8 divide 1681?
False
Is 4 a factor of 1798?
False
Does 40 divide 9445?
False
Does 4 divide 1195?
False
Does 133 divide 1330?
True
Is 8091 a multiple of 9?
True
Does 11 divide 626?
False
Is 15 a factor of 59?
False
Is 2862 a multiple of 27?
True
Is 1076 a multiple of 4?
True
Does 30 divide 152548?
False
Is 38 a factor of 171?
False
Is 183 a multiple of 25?
False
Is 10 a factor of 320?
True
Is 23 a factor of 1411?
False
Does 10 divide 1449?
False
Is 4 a factor of 1371?
False
Is 100 a factor of 6600?
True
Is 16 a factor of 208?
True
Is 19396 a multiple of 20?
False
Is 28006 a multiple of 38?
True
Does 94 divide 9375?
False
Does 48 divide 960?
True
Is 50 a factor of 57668?
Fa